t m be h(-8). Calculate the highest common divisor of m and 253.
23
Let y(b) = 1 - 17*b - 1 + 6 - 3. Let o be y(-3). Suppose k - 71 = -4*j, 3*k - 79 = -4*j - 10. Calculate the highest common divisor of o and j.
18
Let a be 20*(21/(-28) - -2). What is the greatest common divisor of 45 and a?
5
Let r(q) = -14*q**3 + 4*q**2 - 5. Let u be r(2). Let j = 39 - 12. Let d = j - u. What is the greatest common factor of 16 and d?
16
Let v = -1193 - -1201. Let s be ((80/(-1))/2)/(-1). What is the highest common divisor of s and v?
8
Let w(d) = 5*d**2 - 16*d - 87. Let z be w(-4). Suppose -4*u = -2*f + 13 + 21, -2*u = -3*f + 55. What is the greatest common divisor of f and z?
19
Let n be 150/(-2)*11/((-495)/18). What is the greatest common divisor of 18 and n?
6
Suppose -283 - 211 = -2*o. What is the highest common divisor of 13 and o?
13
Suppose -629 + 221 = -6*g. Let f be (5/10)/(2/g). What is the greatest common divisor of 51 and f?
17
Let k = -91 - -131. Let d be -3 - (1 + 1) - -13. Calculate the greatest common divisor of d and k.
8
Let m(i) = 2*i**3 - 5*i**2 - 2*i - 2. Let w be m(-2). Let a = -25 - w. What is the highest common factor of a and 45?
9
Suppose -5*x + 33 = 3*j, -j - 3*x - x + 18 = 0. Calculate the highest common factor of 4 and j.
2
Suppose -12 = -q - 5*d - 8, -3*d = 5*q - 64. Calculate the greatest common divisor of 266 and q.
14
Suppose 2*i + 3*r - 270 = 0, -i - r + 72 + 62 = 0. Let m = 21 + -20. Let g(p) = 12*p. Let j be g(m). What is the highest common divisor of j and i?
12
Let p = 87 + -60. Let b be 2 + 3/(-2)*(-1224)/p. Calculate the highest common factor of b and 28.
14
Suppose t + 4*a = 392, 7*a + 784 = 2*t + 4*a. Calculate the highest common factor of t and 147.
49
Suppose 0 = -4*b + d - 4, -4*b + 3*b + 2*d - 1 = 0. Suppose -3*p + p - 38 = 0. Let x = b - p. Calculate the highest common divisor of 72 and x.
18
Let s(v) = -v + 35. Let h be s(13). Let f be (33/12)/((-1)/4). Let q = h + f. What is the greatest common divisor of 77 and q?
11
Let v(a) = -a + 7 - 4*a - 3 + 4*a. Let t be v(5). Let z be t*4 + 2 + 3. Calculate the highest common factor of 5 and z.
1
Suppose 2*w - 105 = -3*l, -3*w = -0*l - 4*l - 166. What is the highest common divisor of 90 and w?
18
Suppose h + 2*k = 6, 0 = 3*h + 6*k - 2*k - 26. Suppose 6*x = x + n - 8, x - h = -5*n. Let f = x - -14. What is the highest common factor of 52 and f?
13
Let y be 1/(-15) + -2930*1/(-75). Let z = 103 + 53. Calculate the greatest common divisor of y and z.
39
Suppose 4*j + q = 4*q + 128, 2*j + 5*q - 64 = 0. What is the highest common factor of j and 1?
1
Let b(z) = z**2 - 6*z - 4. Let n be b(7). Let g = n - 1. Suppose p = -3*c + 87, g*p = -c + 5*p + 39. What is the highest common divisor of 6 and c?
6
Let n be 10/(-15) + 5516/(-6). Let v be n/(-12) - (-1)/3. Calculate the greatest common factor of 7 and v.
7
Let j(n) = -n**2 + 33*n - 48. Let z be j(31). Calculate the highest common factor of z and 28.
14
Suppose -5*r = 3*n - 329 - 388, 0 = -3*r + 2*n + 434. Suppose -3*j + 52 = -5*q, -13*j - 3*q = -9*j - 108. What is the highest common divisor of j and r?
24
Suppose 10*b = -36*b + 17342. What is the highest common divisor of b and 26?
13
Let p be 21/(-6)*(-40)/14. Suppose 8 = -2*q, -4*v - p = -2*v + 4*q. Suppose v*a + 96 = 9*a. Calculate the greatest common divisor of 32 and a.
16
Let j(d) = -d**2 - 5*d + 9. Let y be j(-6). Suppose -5*f + l = -190, -l = -f + y*f - 83. Calculate the greatest common factor of f and 26.
13
Suppose 0 = 3*l + l - 20. Let r(n) = -4*n + 10. Let w be r(0). Let y be (-16)/20 + 258/w. Calculate the greatest common factor of l and y.
5
Let z(t) = t**2 + 6*t - 3. Let m be z(-8). Let y = -3 + m. Let b(k) = 4*k**2 + 5*k + 4. Let d be b(-2). Calculate the greatest common factor of y and d.
10
Let j be (-12)/(-54) - 22/18. Let m be ((-14)/14)/(j/17). Suppose 3*r + m = v, v + 2*r + 0 = -8. Calculate the greatest common divisor of 10 and v.
2
Let y = 44 - 82. Let k be 37/13 - y/247. Calculate the greatest common factor of k and 36.
3
Suppose 3*f + 5*i + 79 = 0, 2*f + 0*f = -5*i - 51. Let m = f + 37. Let h be ((-6)/(-1))/((-2)/(-27)). Calculate the greatest common divisor of m and h.
9
Let i(m) = -13*m**2 - 11. Let k be i(3). Let w = -77 - k. Calculate the greatest common divisor of w and 459.
51
Suppose -54 = -60*k + 42*k. Calculate the highest common divisor of 5 and k.
1
Let p = -31 + 55. Suppose -64 = 3*g - 7*g. Calculate the greatest common divisor of g and p.
8
Let s = -139 - -232. Suppose 5*z - 2 = s. Calculate the greatest common divisor of z and 209.
19
Let v be 90/(-27)*756/(-30). What is the greatest common factor of 56 and v?
28
Let z(a) = -a**2 + 6*a - 2. Let b be z(5). What is the greatest common factor of b and 78?
3
Let f(r) = 9*r**2 + 4*r + 2. Let t be f(-2). Let d(q) = -2*q**2 + 10*q + 5. Let m be d(6). Let n = m + 13. Calculate the greatest common factor of n and t.
6
Let v be 3 + 3*74 + 0. Suppose -4*n - 84 = -0*n. Let z = n - -46. Calculate the greatest common factor of z and v.
25
Let s be (-554)/(-7) + (-78)/(-91). Calculate the highest common divisor of 160 and s.
80
Suppose -u + 2 = 0, 0 = -0*b - 5*b + 2*u + 156. What is the greatest common divisor of b and 4?
4
Suppose -g = 3, 5*g + 44 + 117 = 2*a. What is the greatest common factor of 73 and a?
73
Let l = 38 - 25. Let y(k) = k**3 - 13*k**2 - 10*k - 17. Let b be y(14). Calculate the greatest common divisor of b and l.
13
Let j = -9584 - -21584. Let i be (-2)/11 + j/176. Calculate the highest common divisor of i and 17.
17
Let m = 212 + -209. Let s = 42 + -25. Suppose 0 = q - 4*t - s, 0*t + m*t - 3 = -q. What is the highest common divisor of q and 72?
9
Let g be 28/2*46/161. Let h be (-182)/(-56)*g*1. What is the highest common factor of h and 143?
13
Suppose -20*d + 1141 = -1119. What is the greatest common divisor of 565 and d?
113
Let l(s) = s**2 + 7*s - 16. Let i be l(-9). Suppose -3*y - 5*d + 14 = 3, -i*y - 5*d - 1 = 0. What is the greatest common divisor of y and 300?
12
Let o = 133 - 87. What is the highest common divisor of o and 184?
46
Let j(q) = 10*q**3 - 3*q**2 - 4*q. Let f be j(3). Let o(s) = -1 + 4 + s**2 - 5*s - 6. Let t be o(8). Calculate the highest common divisor of f and t.
21
Let d(h) = -h**3 - 7*h**2 + 2. Let o be d(-7). Let b be (-27)/18 + 59/o. What is the highest common divisor of 56 and b?
28
Suppose 3*g = 4*g. Suppose g = -2*u + 202 - 50. Let p = u - 50. What is the greatest common factor of 104 and p?
26
Let u be (-6)/(-5)*35/14. Let t be 55 - 5 - (1 + u). Calculate the greatest common divisor of 23 and t.
23
Let k(d) = d**3 + 14*d**2 + 5*d + 169. Let r be k(-13). What is the greatest common factor of r and 910?
91
Suppose 0 = -4*x + 503 - 167. Let p = x + -54. Calculate the greatest common divisor of p and 6.
6
Let j = 10 - 1. Suppose 84*l - 567 = 77*l. What is the greatest common divisor of l and j?
9
Let a(b) = 20*b**3 - 4*b**2 + 2*b + 2. Let t = -10 - -12. Let j be a(t). Calculate the greatest common factor of 25 and j.
25
Let o be 22 - (-3 + (-6 - -7)). Calculate the greatest common factor of o and 54.
6
Let p be (-4 + (-84)/(-16))*(-1 - 15). Let w be 138/33 - 4 - p/11. What is the highest common divisor of 2 and w?
2
Suppose 5*a - 2 = 4*a. Suppose 12 = 3*q - 27. Suppose 2*t - 3*l + 6 = 0, -q = 3*t - a*t - 4*l. Calculate the greatest common factor of t and 27.
3
Let y(r) = r + 5. Let v be y(16). Suppose -15*g = -v*g + 30. Calculate the greatest common factor of 25 and g.
5
Let a = 146 + -110. Calculate the greatest common factor of 36 and a.
36
Suppose -14*r + 499 = 121. What is the greatest common divisor of r and 648?
27
Let f = -97 - -239. Let n(l) = -3*l**2 - l - 2. Let z be n(3). Let g be (-8)/z + f/8. What is the highest common factor of g and 36?
18
Let n be (4 - 7) + -1 + 120. Suppose -3*w - 2*y + n + 21 = 0, -3*y + 3 = 0. Let k be (36/w)/((-1)/(-70)). What is the highest common divisor of 14 and k?
14
Let s(y) = y**2 + 80*y - 3244. Let t be s(30). Let r = -15 - -29. Calculate the greatest common divisor of r and t.
14
Suppose -4*p - 384 = -0*k + 3*k, -2*k - 245 = -p. Let a = 189 + k. Calculate the greatest common factor of a and 13.
13
Let n be (-2)/(-1 + (-432)/(-219) + -1). Suppose 4*v - j = v + 194, 2*j + n = v. Calculate the greatest common 